{"id":41,"date":"2018-10-05T18:28:23","date_gmt":"2018-10-05T16:28:23","guid":{"rendered":"http:\/\/www.fussball-tus-05-daun.de\/web\/?page_id=41"},"modified":"2021-10-10T09:37:43","modified_gmt":"2021-10-10T07:37:43","slug":"der-tus-daun","status":"publish","type":"page","link":"https:\/\/www.fussball-tus-05-daun.de\/web\/ueber-uns\/der-tus-daun\/","title":{"rendered":"Der TuS Daun"},"content":{"rendered":"<p>Der TuS 05 Daun ist heute, mit ca. 1400 Mitgliedern der gr\u00f6\u00dfte Verein im Sportkreis Vulkaneifel. Mit seinen 11 Abteilungen, Handball, Fu\u00dfball, Leichtathletik, Volleyball, Schwimmen, Turnen, Gymnastik, Tischtennis, Tennis, Breitensport und Triathlon, bietet er ein breit gef\u00e4chertes Sportangebot. Mit seinen Sportanlagen im Liesertal wurden die Sportm\u00f6glichkeiten um Beachvolleyball, Beachhandball, Boule und einen Bolzplatz erweitert.<\/p>\n<div class=\"endflLeft\"><\/div>\n<div><\/div>\n<h1>Satzung des TuS 05 Daun e.V.<\/h1>\n<p><a title=\"Satzung des TuS 05 Daun\" href=\"http:\/\/tus-05-daun.de\/files\/20130426_satzung_tus05daun.pdf\">Satzung des TuS 05 Daun<\/a><\/p>\n<h1>TuS05 Daun e.V.<\/h1>\n<h1>100-Jahre Chronik des Vereins<\/h1>\n<div class=\"imageflRight\"><a href=\"https:\/\/www.tus-05-daun.de\/index.php?rex_media_type=news_big&amp;rex_media_file=bild_chronik_cd.jpg\" data-lightbox=\"picbild_chronik_cd.jpg\" data-title=\"Chronik 100 Jahre\"><img decoding=\"async\" title=\"bild_chronik_cd\" src=\"https:\/\/www.tus-05-daun.de\/index.php?rex_media_type=news_display&amp;rex_media_file=bild_chronik_cd.jpg\" alt=\"bild_chronik_cd\"><\/a>Chronik 100 Jahre<\/p>\n<\/div>\n<p><strong>2005 \u2014 100 Jahre TuS 05 Daun<\/strong><\/p>\n<p>9 Abteilungen, mehr als 37 spielende Mannschaften, ca. 1250 Mitglieder, fast 400<br \/>\nmehr als vor 25 Jahren, davon fast 800 Sch\u00fcler und Jugendliche. Allgemeine Tendenz<br \/>\nweiterhin steigend.<br \/>\nFestschriften k\u00f6nnen Arbeitsaufwand und pers\u00f6nliches Engagement von Spielern,<br \/>\nTrainern, \u00dcbungsleitern, Betreuern oder Funktion\u00e4ren, ob weiblich oder m\u00e4nnlich<br \/>\nnicht angemessen w\u00fcrdigen. Ein genauerAbriss der Geschichte w\u00fcrde ein Buch f\u00fcllen.<br \/>\nSo sollen Momentaufnahmen die Entwicklungen in j\u00fcngster Zeit skizzieren.Wir haben aber auch versucht, den Zeitraum seit der Gr\u00fcndung des Vereins vor nunmehr 100 Jahren n\u00e4her zu beleuchten und alle Zeitepochen etwas lebendiger werden zu lassen. Gleichzeitig soll aber auch ein kleiner Einblick in die Breitenarbeit des Vereins gegeben werden. Wir hoffen, das ist uns einigerma\u00dfen gelungen und wir bitten den geneigten Leser um Nachsicht, wenn das Eine vielleicht etwas zu kurz gekommen ist, das Andere daf\u00fcr etwas breiter ausgef\u00fchrt wurde.<\/p>\n<p><a class=\"downloadselector\" href=\"https:\/\/www.tus-05-daun.de\/media\/chronik_tus.pdf\"><img decoding=\"async\" src=\"https:\/\/www.tus-05-daun.de\/frontend\/exticon\/icon-pdf.gif\" alt=\"Download\">Download der Chronik- 100 Jahre TuS 05 Daun<\/a>&nbsp;&#8211; 26 MB<\/p>\n","protected":false},"excerpt":{"rendered":"<p>Der TuS 05 Daun ist heute, mit ca. 1400 Mitgliedern der gr\u00f6\u00dfte Verein im Sportkreis Vulkaneifel. Mit seinen 11 Abteilungen, Handball, Fu\u00dfball, Leichtathletik, Volleyball, Schwimmen, Turnen, Gymnastik, Tischtennis, Tennis, Breitensport und Triathlon, bietet er ein breit gef\u00e4chertes Sportangebot. Mit seinen Sportanlagen im Liesertal wurden die Sportm\u00f6glichkeiten um Beachvolleyball, Beachhandball, Boule und einen Bolzplatz erweitert. Satzung &hellip; <a href=\"https:\/\/www.fussball-tus-05-daun.de\/web\/ueber-uns\/der-tus-daun\/\" class=\"more-link\"><span class=\"screen-reader-text\">\u201eDer TuS Daun\u201c <\/span>weiterlesen<\/a><\/p>\n","protected":false},"author":7,"featured_media":0,"parent":9,"menu_order":0,"comment_status":"closed","ping_status":"closed","template":"","meta":{"footnotes":""},"class_list":["post-41","page","type-page","status-publish","hentry"],"yoast_head":"<!-- This site is optimized with the Yoast SEO plugin v27.3 - https:\/\/yoast.com\/product\/yoast-seo-wordpress\/ -->\n<title>Der TuS Daun - Fu\u00dfball - TuS-05 Daun<\/title>\n<meta name=\"robots\" content=\"index, follow, max-snippet:-1, max-image-preview:large, max-video-preview:-1\" \/>\n<link rel=\"canonical\" href=\"https:\/\/www.fussball-tus-05-daun.de\/web\/ueber-uns\/der-tus-daun\/\" \/>\n<meta property=\"og:locale\" content=\"de_DE\" \/>\n<meta property=\"og:type\" content=\"article\" \/>\n<meta property=\"og:title\" content=\"Der TuS Daun - Fu\u00dfball - TuS-05 Daun\" \/>\n<meta property=\"og:description\" content=\"Der TuS 05 Daun ist heute, mit ca. 1400 Mitgliedern der gr\u00f6\u00dfte Verein im Sportkreis Vulkaneifel. Mit seinen 11 Abteilungen, Handball, Fu\u00dfball, Leichtathletik, Volleyball, Schwimmen, Turnen, Gymnastik, Tischtennis, Tennis, Breitensport und Triathlon, bietet er ein breit gef\u00e4chertes Sportangebot. Mit seinen Sportanlagen im Liesertal wurden die Sportm\u00f6glichkeiten um Beachvolleyball, Beachhandball, Boule und einen Bolzplatz erweitert. Satzung &hellip; \u201eDer TuS Daun\u201c weiterlesen\" \/>\n<meta property=\"og:url\" content=\"https:\/\/www.fussball-tus-05-daun.de\/web\/ueber-uns\/der-tus-daun\/\" \/>\n<meta property=\"og:site_name\" content=\"Fu\u00dfball - TuS-05 Daun\" \/>\n<meta property=\"article:publisher\" content=\"https:\/\/www.facebook.com\/Tus05DaunFussball\/\" \/>\n<meta property=\"article:modified_time\" content=\"2021-10-10T07:37:43+00:00\" \/>\n<meta property=\"og:image\" content=\"https:\/\/www.tus-05-daun.de\/index.php?rex_media_type=news_display&amp;rex_media_file=bild_chronik_cd.jpg\" \/>\n<meta name=\"twitter:card\" content=\"summary_large_image\" \/>\n<meta name=\"twitter:label1\" content=\"Gesch\u00e4tzte Lesezeit\" \/>\n\t<meta name=\"twitter:data1\" content=\"2\u00a0Minuten\" \/>\n<script type=\"application\/ld+json\" class=\"yoast-schema-graph\">{\"@context\":\"https:\\\/\\\/schema.org\",\"@graph\":[{\"@type\":\"WebPage\",\"@id\":\"https:\\\/\\\/www.fussball-tus-05-daun.de\\\/web\\\/ueber-uns\\\/der-tus-daun\\\/\",\"url\":\"https:\\\/\\\/www.fussball-tus-05-daun.de\\\/web\\\/ueber-uns\\\/der-tus-daun\\\/\",\"name\":\"Der TuS Daun - Fu\u00dfball - TuS-05 Daun\",\"isPartOf\":{\"@id\":\"https:\\\/\\\/www.fussball-tus-05-daun.de\\\/web\\\/#website\"},\"primaryImageOfPage\":{\"@id\":\"https:\\\/\\\/www.fussball-tus-05-daun.de\\\/web\\\/ueber-uns\\\/der-tus-daun\\\/#primaryimage\"},\"image\":{\"@id\":\"https:\\\/\\\/www.fussball-tus-05-daun.de\\\/web\\\/ueber-uns\\\/der-tus-daun\\\/#primaryimage\"},\"thumbnailUrl\":\"https:\\\/\\\/www.tus-05-daun.de\\\/index.php?rex_media_type=news_display&amp;rex_media_file=bild_chronik_cd.jpg\",\"datePublished\":\"2018-10-05T16:28:23+00:00\",\"dateModified\":\"2021-10-10T07:37:43+00:00\",\"breadcrumb\":{\"@id\":\"https:\\\/\\\/www.fussball-tus-05-daun.de\\\/web\\\/ueber-uns\\\/der-tus-daun\\\/#breadcrumb\"},\"inLanguage\":\"de\",\"potentialAction\":[{\"@type\":\"ReadAction\",\"target\":[\"https:\\\/\\\/www.fussball-tus-05-daun.de\\\/web\\\/ueber-uns\\\/der-tus-daun\\\/\"]}]},{\"@type\":\"ImageObject\",\"inLanguage\":\"de\",\"@id\":\"https:\\\/\\\/www.fussball-tus-05-daun.de\\\/web\\\/ueber-uns\\\/der-tus-daun\\\/#primaryimage\",\"url\":\"https:\\\/\\\/www.tus-05-daun.de\\\/index.php?rex_media_type=news_display&amp;rex_media_file=bild_chronik_cd.jpg\",\"contentUrl\":\"https:\\\/\\\/www.tus-05-daun.de\\\/index.php?rex_media_type=news_display&amp;rex_media_file=bild_chronik_cd.jpg\"},{\"@type\":\"BreadcrumbList\",\"@id\":\"https:\\\/\\\/www.fussball-tus-05-daun.de\\\/web\\\/ueber-uns\\\/der-tus-daun\\\/#breadcrumb\",\"itemListElement\":[{\"@type\":\"ListItem\",\"position\":1,\"name\":\"Startseite\",\"item\":\"https:\\\/\\\/www.fussball-tus-05-daun.de\\\/web\\\/\"},{\"@type\":\"ListItem\",\"position\":2,\"name\":\"\u00dcber uns\",\"item\":\"https:\\\/\\\/www.fussball-tus-05-daun.de\\\/web\\\/ueber-uns\\\/\"},{\"@type\":\"ListItem\",\"position\":3,\"name\":\"Der TuS Daun\"}]},{\"@type\":\"WebSite\",\"@id\":\"https:\\\/\\\/www.fussball-tus-05-daun.de\\\/web\\\/#website\",\"url\":\"https:\\\/\\\/www.fussball-tus-05-daun.de\\\/web\\\/\",\"name\":\"Fu\u00dfball - TuS-05 Daun\",\"description\":\"\",\"publisher\":{\"@id\":\"https:\\\/\\\/www.fussball-tus-05-daun.de\\\/web\\\/#organization\"},\"potentialAction\":[{\"@type\":\"SearchAction\",\"target\":{\"@type\":\"EntryPoint\",\"urlTemplate\":\"https:\\\/\\\/www.fussball-tus-05-daun.de\\\/web\\\/?s={search_term_string}\"},\"query-input\":{\"@type\":\"PropertyValueSpecification\",\"valueRequired\":true,\"valueName\":\"search_term_string\"}}],\"inLanguage\":\"de\"},{\"@type\":\"Organization\",\"@id\":\"https:\\\/\\\/www.fussball-tus-05-daun.de\\\/web\\\/#organization\",\"name\":\"Fu\u00dfball - TuS Daun 05\",\"url\":\"https:\\\/\\\/www.fussball-tus-05-daun.de\\\/web\\\/\",\"logo\":{\"@type\":\"ImageObject\",\"inLanguage\":\"de\",\"@id\":\"https:\\\/\\\/www.fussball-tus-05-daun.de\\\/web\\\/#\\\/schema\\\/logo\\\/image\\\/\",\"url\":\"https:\\\/\\\/www.fussball-tus-05-daun.de\\\/web\\\/wp-content\\\/uploads\\\/2019\\\/01\\\/TuSDaun05.jpg\",\"contentUrl\":\"https:\\\/\\\/www.fussball-tus-05-daun.de\\\/web\\\/wp-content\\\/uploads\\\/2019\\\/01\\\/TuSDaun05.jpg\",\"width\":1533,\"height\":505,\"caption\":\"Fu\u00dfball - TuS Daun 05\"},\"image\":{\"@id\":\"https:\\\/\\\/www.fussball-tus-05-daun.de\\\/web\\\/#\\\/schema\\\/logo\\\/image\\\/\"},\"sameAs\":[\"https:\\\/\\\/www.facebook.com\\\/Tus05DaunFussball\\\/\"]}]}<\/script>\n<!-- \/ Yoast SEO plugin. -->","yoast_head_json":{"title":"Der TuS Daun - Fu\u00dfball - TuS-05 Daun","robots":{"index":"index","follow":"follow","max-snippet":"max-snippet:-1","max-image-preview":"max-image-preview:large","max-video-preview":"max-video-preview:-1"},"canonical":"https:\/\/www.fussball-tus-05-daun.de\/web\/ueber-uns\/der-tus-daun\/","og_locale":"de_DE","og_type":"article","og_title":"Der TuS Daun - Fu\u00dfball - TuS-05 Daun","og_description":"Der TuS 05 Daun ist heute, mit ca. 1400 Mitgliedern der gr\u00f6\u00dfte Verein im Sportkreis Vulkaneifel. Mit seinen 11 Abteilungen, Handball, Fu\u00dfball, Leichtathletik, Volleyball, Schwimmen, Turnen, Gymnastik, Tischtennis, Tennis, Breitensport und Triathlon, bietet er ein breit gef\u00e4chertes Sportangebot. Mit seinen Sportanlagen im Liesertal wurden die Sportm\u00f6glichkeiten um Beachvolleyball, Beachhandball, Boule und einen Bolzplatz erweitert. Satzung &hellip; \u201eDer TuS Daun\u201c weiterlesen","og_url":"https:\/\/www.fussball-tus-05-daun.de\/web\/ueber-uns\/der-tus-daun\/","og_site_name":"Fu\u00dfball - TuS-05 Daun","article_publisher":"https:\/\/www.facebook.com\/Tus05DaunFussball\/","article_modified_time":"2021-10-10T07:37:43+00:00","og_image":[{"url":"https:\/\/www.tus-05-daun.de\/index.php?rex_media_type=news_display&amp;rex_media_file=bild_chronik_cd.jpg","type":"","width":"","height":""}],"twitter_card":"summary_large_image","twitter_misc":{"Gesch\u00e4tzte Lesezeit":"2\u00a0Minuten"},"schema":{"@context":"https:\/\/schema.org","@graph":[{"@type":"WebPage","@id":"https:\/\/www.fussball-tus-05-daun.de\/web\/ueber-uns\/der-tus-daun\/","url":"https:\/\/www.fussball-tus-05-daun.de\/web\/ueber-uns\/der-tus-daun\/","name":"Der TuS Daun - Fu\u00dfball - TuS-05 Daun","isPartOf":{"@id":"https:\/\/www.fussball-tus-05-daun.de\/web\/#website"},"primaryImageOfPage":{"@id":"https:\/\/www.fussball-tus-05-daun.de\/web\/ueber-uns\/der-tus-daun\/#primaryimage"},"image":{"@id":"https:\/\/www.fussball-tus-05-daun.de\/web\/ueber-uns\/der-tus-daun\/#primaryimage"},"thumbnailUrl":"https:\/\/www.tus-05-daun.de\/index.php?rex_media_type=news_display&amp;rex_media_file=bild_chronik_cd.jpg","datePublished":"2018-10-05T16:28:23+00:00","dateModified":"2021-10-10T07:37:43+00:00","breadcrumb":{"@id":"https:\/\/www.fussball-tus-05-daun.de\/web\/ueber-uns\/der-tus-daun\/#breadcrumb"},"inLanguage":"de","potentialAction":[{"@type":"ReadAction","target":["https:\/\/www.fussball-tus-05-daun.de\/web\/ueber-uns\/der-tus-daun\/"]}]},{"@type":"ImageObject","inLanguage":"de","@id":"https:\/\/www.fussball-tus-05-daun.de\/web\/ueber-uns\/der-tus-daun\/#primaryimage","url":"https:\/\/www.tus-05-daun.de\/index.php?rex_media_type=news_display&amp;rex_media_file=bild_chronik_cd.jpg","contentUrl":"https:\/\/www.tus-05-daun.de\/index.php?rex_media_type=news_display&amp;rex_media_file=bild_chronik_cd.jpg"},{"@type":"BreadcrumbList","@id":"https:\/\/www.fussball-tus-05-daun.de\/web\/ueber-uns\/der-tus-daun\/#breadcrumb","itemListElement":[{"@type":"ListItem","position":1,"name":"Startseite","item":"https:\/\/www.fussball-tus-05-daun.de\/web\/"},{"@type":"ListItem","position":2,"name":"\u00dcber uns","item":"https:\/\/www.fussball-tus-05-daun.de\/web\/ueber-uns\/"},{"@type":"ListItem","position":3,"name":"Der TuS Daun"}]},{"@type":"WebSite","@id":"https:\/\/www.fussball-tus-05-daun.de\/web\/#website","url":"https:\/\/www.fussball-tus-05-daun.de\/web\/","name":"Fu\u00dfball - TuS-05 Daun","description":"","publisher":{"@id":"https:\/\/www.fussball-tus-05-daun.de\/web\/#organization"},"potentialAction":[{"@type":"SearchAction","target":{"@type":"EntryPoint","urlTemplate":"https:\/\/www.fussball-tus-05-daun.de\/web\/?s={search_term_string}"},"query-input":{"@type":"PropertyValueSpecification","valueRequired":true,"valueName":"search_term_string"}}],"inLanguage":"de"},{"@type":"Organization","@id":"https:\/\/www.fussball-tus-05-daun.de\/web\/#organization","name":"Fu\u00dfball - TuS Daun 05","url":"https:\/\/www.fussball-tus-05-daun.de\/web\/","logo":{"@type":"ImageObject","inLanguage":"de","@id":"https:\/\/www.fussball-tus-05-daun.de\/web\/#\/schema\/logo\/image\/","url":"https:\/\/www.fussball-tus-05-daun.de\/web\/wp-content\/uploads\/2019\/01\/TuSDaun05.jpg","contentUrl":"https:\/\/www.fussball-tus-05-daun.de\/web\/wp-content\/uploads\/2019\/01\/TuSDaun05.jpg","width":1533,"height":505,"caption":"Fu\u00dfball - TuS Daun 05"},"image":{"@id":"https:\/\/www.fussball-tus-05-daun.de\/web\/#\/schema\/logo\/image\/"},"sameAs":["https:\/\/www.facebook.com\/Tus05DaunFussball\/"]}]}},"_links":{"self":[{"href":"https:\/\/www.fussball-tus-05-daun.de\/web\/wp-json\/wp\/v2\/pages\/41","targetHints":{"allow":["GET"]}}],"collection":[{"href":"https:\/\/www.fussball-tus-05-daun.de\/web\/wp-json\/wp\/v2\/pages"}],"about":[{"href":"https:\/\/www.fussball-tus-05-daun.de\/web\/wp-json\/wp\/v2\/types\/page"}],"author":[{"embeddable":true,"href":"https:\/\/www.fussball-tus-05-daun.de\/web\/wp-json\/wp\/v2\/users\/7"}],"replies":[{"embeddable":true,"href":"https:\/\/www.fussball-tus-05-daun.de\/web\/wp-json\/wp\/v2\/comments?post=41"}],"version-history":[{"count":3,"href":"https:\/\/www.fussball-tus-05-daun.de\/web\/wp-json\/wp\/v2\/pages\/41\/revisions"}],"predecessor-version":[{"id":1050,"href":"https:\/\/www.fussball-tus-05-daun.de\/web\/wp-json\/wp\/v2\/pages\/41\/revisions\/1050"}],"up":[{"embeddable":true,"href":"https:\/\/www.fussball-tus-05-daun.de\/web\/wp-json\/wp\/v2\/pages\/9"}],"wp:attachment":[{"href":"https:\/\/www.fussball-tus-05-daun.de\/web\/wp-json\/wp\/v2\/media?parent=41"}],"curies":[{"name":"wp","href":"https:\/\/api.w.org\/{rel}","templated":true}]}}