{"id":33,"date":"2018-10-05T18:13:23","date_gmt":"2018-10-05T16:13:23","guid":{"rendered":"http:\/\/www.fussball-tus-05-daun.de\/web\/?page_id=33"},"modified":"2020-01-02T13:20:46","modified_gmt":"2020-01-02T12:20:46","slug":"alt-herren","status":"publish","type":"page","link":"https:\/\/www.fussball-tus-05-daun.de\/web\/mannschaften\/alt-herren\/","title":{"rendered":"Alt-Herren"},"content":{"rendered":"<p>Die AH Fu\u00dfballabteilung des TuS 05 Daun wurde am 05.09.1977 auf Initiative von Alois Kr\u00e4mer und dem damaligen Fu\u00dfballabteilungsleiter Gustav Winter im Stadion Caf\u00e9 Meerfeld in Daun wieder gegr\u00fcndet. 25 passionierte Fu\u00dfballer hatten sich zur Gr\u00fcndungsversammlung gefunden, von denen 5 Spieler das Mindestalter von 32 Jahren noch nicht erreicht hatten. Von den Gr\u00fcndungsv\u00e4tern geh\u00f6ren heute noch zur AH Mannschaft Werner Willems, Wolfgang von Wendt, Franz Lehmberg, Herbert Nickel, Otto Panzer und Wolfgang Bickenburg, der trotz seines Lebensmittelpunktes in Kaufbeuren seit vielen Jahren den Kontakt zur Altherrenmannschaft des TuS Daun pflegt.<\/p>\n<p>Otto Panzer war der erste Altherrentrainer; ihm folgte Manfred Krag. Die ersten Schrift- und Kassenf\u00fchrer waren Alois Kr\u00e4mer, Hans-Peter Klein, Hermann Bauer, Werner Willems, Hubert Binder und Wolfgang von Wendt. Sp\u00e4ter zeigten sich f\u00fcr den Trainingsbetrieb unser inzwischen leider viel zu fr\u00fch verstorbener Sportkamerad Alfred Froom verantwortlich, sowie Wolfgang Bickenburg, Josef Marx, Rudi Leif und Georg Kohl, bevor erneut Otto Panzer sich als Trainer zur Verf\u00fcgung stellte. Den Gesch\u00e4ftsbereich \u00fcbernahm nach Alfred Froom der bis heute hierf\u00fcr zust\u00e4ndige Bernd Hoffmann. AH Kassenf\u00fchrer ist Peter Hubertz, AH Getr\u00e4nkewart ist Hans-Werner Meyer. Die Alten Herren finanzieren sich vollends selbst und unterst\u00fctzen dank guter Kassenarbeit die Fu\u00dfballjugend.<\/p>\n<p>Die Alten Herren feierten im August 2002 ihr 25 j\u00e4hriges Bestehen. Stets fand seit dem Jahr 1979 ein geregelter Spielbetrieb mit etwa 20-25 Spielbegegnungen im Jahr gegen befreundete Altherrenmannschaften statt. Hierbei k\u00f6nnen die Alten Herren des TuS 05 Daun auf viele Siege, manche Unentschieden und wenige Niederlagen zur\u00fcckblicken, ebenso auf den h\u00e4ufigen Gewinn der bis Ende der 90 er Jahre stattfindenden Stadtmeisterschaft und\u00a0Hallenstadtmeisterschaft. Mit dem Jahr 2003 hat die Mannschaft den samst\u00e4glichen Spielbetrieb mangels \u201e Nachwuchses\u201c einstellen m\u00fcssen. Leider haben die sportlich sehr erfolgreichen Jahre der 1. Seniorenmannschaft nicht zum gew\u00fcnschten \u201eNachwuchs\u201c in der Altherrenmannschaft gef\u00fchrt, sei es wegen der R\u00fcckkehr ausw\u00e4rtiger Spieler zu ihren Heimatvereinen oder wegen der Beendigung des aktiven Fu\u00dfballerlebens der Spieler.<\/p>\n<p>Trotz des fehlenden Spielbetriebs bieten die Alten Herren gleichwohl ein attraktives Jahresprogramm. Nach wie vor treffen sich die Alten Herren jeden Mittwoch ab 19\u201900 h im Wehrb\u00fcschstadion zum Training mit anschlie\u00dfender \u201edritter Halbzeit\u201c. Ali Akbari k\u00fcmmert sich gemeinsam mit Martin M\u00fcller um den Trainingsbetrieb. Die Alten Herren freuen sich \u00fcber jeden Fu\u00dfballinteressierten, der mitspielen und sich den Alten Herren anschlie\u00dfen m\u00f6chte.<\/p>\n<p>Zu Beginn des Jahres findet seit vielen Jahren eine Skifreizeit statt. Neben dem j\u00e4hrlichen Fr\u00fchjahressen und der Vatertagswanderung freuen sich die Alten Herren auf die seit 1988 stattfindende 3 bis 4 Tage Wanderung in beliebte Wandergebiete Deutschlands, die in diesem Jahr zu den Traumpfaden um den Laacher See f\u00fchrte und wiederum vorbildlich von Peter Hubertz geplant und organisiert wurde.<\/p>\n","protected":false},"excerpt":{"rendered":"<p>Die AH Fu\u00dfballabteilung des TuS 05 Daun wurde am 05.09.1977 auf Initiative von Alois Kr\u00e4mer und dem damaligen Fu\u00dfballabteilungsleiter Gustav Winter im Stadion Caf\u00e9 Meerfeld in Daun wieder gegr\u00fcndet. 25 passionierte Fu\u00dfballer hatten sich zur Gr\u00fcndungsversammlung gefunden, von denen 5 Spieler das Mindestalter von 32 Jahren noch nicht erreicht hatten. Von den Gr\u00fcndungsv\u00e4tern geh\u00f6ren heute &hellip; <a href=\"https:\/\/www.fussball-tus-05-daun.de\/web\/mannschaften\/alt-herren\/\" class=\"more-link\"><span class=\"screen-reader-text\">\u201eAlt-Herren\u201c <\/span>weiterlesen<\/a><\/p>\n","protected":false},"author":7,"featured_media":0,"parent":17,"menu_order":0,"comment_status":"closed","ping_status":"closed","template":"","meta":{"footnotes":""},"class_list":["post-33","page","type-page","status-publish","hentry"],"yoast_head":"<!-- This site is optimized with the Yoast SEO plugin v27.5 - https:\/\/yoast.com\/product\/yoast-seo-wordpress\/ -->\n<title>Alt-Herren - Fu\u00dfball - TuS-05 Daun<\/title>\n<meta name=\"robots\" content=\"index, follow, max-snippet:-1, max-image-preview:large, max-video-preview:-1\" \/>\n<link rel=\"canonical\" href=\"https:\/\/www.fussball-tus-05-daun.de\/web\/mannschaften\/alt-herren\/\" \/>\n<meta property=\"og:locale\" content=\"de_DE\" \/>\n<meta property=\"og:type\" content=\"article\" \/>\n<meta property=\"og:title\" content=\"Alt-Herren - Fu\u00dfball - TuS-05 Daun\" \/>\n<meta property=\"og:description\" content=\"Die AH Fu\u00dfballabteilung des TuS 05 Daun wurde am 05.09.1977 auf Initiative von Alois Kr\u00e4mer und dem damaligen Fu\u00dfballabteilungsleiter Gustav Winter im Stadion Caf\u00e9 Meerfeld in Daun wieder gegr\u00fcndet. 25 passionierte Fu\u00dfballer hatten sich zur Gr\u00fcndungsversammlung gefunden, von denen 5 Spieler das Mindestalter von 32 Jahren noch nicht erreicht hatten. Von den Gr\u00fcndungsv\u00e4tern geh\u00f6ren heute &hellip; \u201eAlt-Herren\u201c weiterlesen\" \/>\n<meta property=\"og:url\" content=\"https:\/\/www.fussball-tus-05-daun.de\/web\/mannschaften\/alt-herren\/\" \/>\n<meta property=\"og:site_name\" content=\"Fu\u00dfball - TuS-05 Daun\" \/>\n<meta property=\"article:publisher\" content=\"https:\/\/www.facebook.com\/Tus05DaunFussball\/\" \/>\n<meta property=\"article:modified_time\" content=\"2020-01-02T12:20:46+00:00\" \/>\n<meta name=\"twitter:card\" content=\"summary_large_image\" \/>\n<meta name=\"twitter:label1\" content=\"Gesch\u00e4tzte Lesezeit\" \/>\n\t<meta name=\"twitter:data1\" content=\"2\u00a0Minuten\" \/>\n<script type=\"application\/ld+json\" class=\"yoast-schema-graph\">{\"@context\":\"https:\\\/\\\/schema.org\",\"@graph\":[{\"@type\":\"WebPage\",\"@id\":\"https:\\\/\\\/www.fussball-tus-05-daun.de\\\/web\\\/mannschaften\\\/alt-herren\\\/\",\"url\":\"https:\\\/\\\/www.fussball-tus-05-daun.de\\\/web\\\/mannschaften\\\/alt-herren\\\/\",\"name\":\"Alt-Herren - Fu\u00dfball - TuS-05 Daun\",\"isPartOf\":{\"@id\":\"https:\\\/\\\/www.fussball-tus-05-daun.de\\\/web\\\/#website\"},\"datePublished\":\"2018-10-05T16:13:23+00:00\",\"dateModified\":\"2020-01-02T12:20:46+00:00\",\"breadcrumb\":{\"@id\":\"https:\\\/\\\/www.fussball-tus-05-daun.de\\\/web\\\/mannschaften\\\/alt-herren\\\/#breadcrumb\"},\"inLanguage\":\"de\",\"potentialAction\":[{\"@type\":\"ReadAction\",\"target\":[\"https:\\\/\\\/www.fussball-tus-05-daun.de\\\/web\\\/mannschaften\\\/alt-herren\\\/\"]}]},{\"@type\":\"BreadcrumbList\",\"@id\":\"https:\\\/\\\/www.fussball-tus-05-daun.de\\\/web\\\/mannschaften\\\/alt-herren\\\/#breadcrumb\",\"itemListElement\":[{\"@type\":\"ListItem\",\"position\":1,\"name\":\"Startseite\",\"item\":\"https:\\\/\\\/www.fussball-tus-05-daun.de\\\/web\\\/\"},{\"@type\":\"ListItem\",\"position\":2,\"name\":\"Senioren\",\"item\":\"https:\\\/\\\/www.fussball-tus-05-daun.de\\\/web\\\/mannschaften\\\/\"},{\"@type\":\"ListItem\",\"position\":3,\"name\":\"Alt-Herren\"}]},{\"@type\":\"WebSite\",\"@id\":\"https:\\\/\\\/www.fussball-tus-05-daun.de\\\/web\\\/#website\",\"url\":\"https:\\\/\\\/www.fussball-tus-05-daun.de\\\/web\\\/\",\"name\":\"Fu\u00dfball - TuS-05 Daun\",\"description\":\"\",\"publisher\":{\"@id\":\"https:\\\/\\\/www.fussball-tus-05-daun.de\\\/web\\\/#organization\"},\"potentialAction\":[{\"@type\":\"SearchAction\",\"target\":{\"@type\":\"EntryPoint\",\"urlTemplate\":\"https:\\\/\\\/www.fussball-tus-05-daun.de\\\/web\\\/?s={search_term_string}\"},\"query-input\":{\"@type\":\"PropertyValueSpecification\",\"valueRequired\":true,\"valueName\":\"search_term_string\"}}],\"inLanguage\":\"de\"},{\"@type\":\"Organization\",\"@id\":\"https:\\\/\\\/www.fussball-tus-05-daun.de\\\/web\\\/#organization\",\"name\":\"Fu\u00dfball - TuS Daun 05\",\"url\":\"https:\\\/\\\/www.fussball-tus-05-daun.de\\\/web\\\/\",\"logo\":{\"@type\":\"ImageObject\",\"inLanguage\":\"de\",\"@id\":\"https:\\\/\\\/www.fussball-tus-05-daun.de\\\/web\\\/#\\\/schema\\\/logo\\\/image\\\/\",\"url\":\"https:\\\/\\\/www.fussball-tus-05-daun.de\\\/web\\\/wp-content\\\/uploads\\\/2019\\\/01\\\/TuSDaun05.jpg\",\"contentUrl\":\"https:\\\/\\\/www.fussball-tus-05-daun.de\\\/web\\\/wp-content\\\/uploads\\\/2019\\\/01\\\/TuSDaun05.jpg\",\"width\":1533,\"height\":505,\"caption\":\"Fu\u00dfball - TuS Daun 05\"},\"image\":{\"@id\":\"https:\\\/\\\/www.fussball-tus-05-daun.de\\\/web\\\/#\\\/schema\\\/logo\\\/image\\\/\"},\"sameAs\":[\"https:\\\/\\\/www.facebook.com\\\/Tus05DaunFussball\\\/\"]}]}<\/script>\n<!-- \/ Yoast SEO plugin. -->","yoast_head_json":{"title":"Alt-Herren - Fu\u00dfball - TuS-05 Daun","robots":{"index":"index","follow":"follow","max-snippet":"max-snippet:-1","max-image-preview":"max-image-preview:large","max-video-preview":"max-video-preview:-1"},"canonical":"https:\/\/www.fussball-tus-05-daun.de\/web\/mannschaften\/alt-herren\/","og_locale":"de_DE","og_type":"article","og_title":"Alt-Herren - Fu\u00dfball - TuS-05 Daun","og_description":"Die AH Fu\u00dfballabteilung des TuS 05 Daun wurde am 05.09.1977 auf Initiative von Alois Kr\u00e4mer und dem damaligen Fu\u00dfballabteilungsleiter Gustav Winter im Stadion Caf\u00e9 Meerfeld in Daun wieder gegr\u00fcndet. 25 passionierte Fu\u00dfballer hatten sich zur Gr\u00fcndungsversammlung gefunden, von denen 5 Spieler das Mindestalter von 32 Jahren noch nicht erreicht hatten. Von den Gr\u00fcndungsv\u00e4tern geh\u00f6ren heute &hellip; \u201eAlt-Herren\u201c weiterlesen","og_url":"https:\/\/www.fussball-tus-05-daun.de\/web\/mannschaften\/alt-herren\/","og_site_name":"Fu\u00dfball - TuS-05 Daun","article_publisher":"https:\/\/www.facebook.com\/Tus05DaunFussball\/","article_modified_time":"2020-01-02T12:20:46+00:00","twitter_card":"summary_large_image","twitter_misc":{"Gesch\u00e4tzte Lesezeit":"2\u00a0Minuten"},"schema":{"@context":"https:\/\/schema.org","@graph":[{"@type":"WebPage","@id":"https:\/\/www.fussball-tus-05-daun.de\/web\/mannschaften\/alt-herren\/","url":"https:\/\/www.fussball-tus-05-daun.de\/web\/mannschaften\/alt-herren\/","name":"Alt-Herren - Fu\u00dfball - TuS-05 Daun","isPartOf":{"@id":"https:\/\/www.fussball-tus-05-daun.de\/web\/#website"},"datePublished":"2018-10-05T16:13:23+00:00","dateModified":"2020-01-02T12:20:46+00:00","breadcrumb":{"@id":"https:\/\/www.fussball-tus-05-daun.de\/web\/mannschaften\/alt-herren\/#breadcrumb"},"inLanguage":"de","potentialAction":[{"@type":"ReadAction","target":["https:\/\/www.fussball-tus-05-daun.de\/web\/mannschaften\/alt-herren\/"]}]},{"@type":"BreadcrumbList","@id":"https:\/\/www.fussball-tus-05-daun.de\/web\/mannschaften\/alt-herren\/#breadcrumb","itemListElement":[{"@type":"ListItem","position":1,"name":"Startseite","item":"https:\/\/www.fussball-tus-05-daun.de\/web\/"},{"@type":"ListItem","position":2,"name":"Senioren","item":"https:\/\/www.fussball-tus-05-daun.de\/web\/mannschaften\/"},{"@type":"ListItem","position":3,"name":"Alt-Herren"}]},{"@type":"WebSite","@id":"https:\/\/www.fussball-tus-05-daun.de\/web\/#website","url":"https:\/\/www.fussball-tus-05-daun.de\/web\/","name":"Fu\u00dfball - TuS-05 Daun","description":"","publisher":{"@id":"https:\/\/www.fussball-tus-05-daun.de\/web\/#organization"},"potentialAction":[{"@type":"SearchAction","target":{"@type":"EntryPoint","urlTemplate":"https:\/\/www.fussball-tus-05-daun.de\/web\/?s={search_term_string}"},"query-input":{"@type":"PropertyValueSpecification","valueRequired":true,"valueName":"search_term_string"}}],"inLanguage":"de"},{"@type":"Organization","@id":"https:\/\/www.fussball-tus-05-daun.de\/web\/#organization","name":"Fu\u00dfball - TuS Daun 05","url":"https:\/\/www.fussball-tus-05-daun.de\/web\/","logo":{"@type":"ImageObject","inLanguage":"de","@id":"https:\/\/www.fussball-tus-05-daun.de\/web\/#\/schema\/logo\/image\/","url":"https:\/\/www.fussball-tus-05-daun.de\/web\/wp-content\/uploads\/2019\/01\/TuSDaun05.jpg","contentUrl":"https:\/\/www.fussball-tus-05-daun.de\/web\/wp-content\/uploads\/2019\/01\/TuSDaun05.jpg","width":1533,"height":505,"caption":"Fu\u00dfball - TuS Daun 05"},"image":{"@id":"https:\/\/www.fussball-tus-05-daun.de\/web\/#\/schema\/logo\/image\/"},"sameAs":["https:\/\/www.facebook.com\/Tus05DaunFussball\/"]}]}},"_links":{"self":[{"href":"https:\/\/www.fussball-tus-05-daun.de\/web\/wp-json\/wp\/v2\/pages\/33","targetHints":{"allow":["GET"]}}],"collection":[{"href":"https:\/\/www.fussball-tus-05-daun.de\/web\/wp-json\/wp\/v2\/pages"}],"about":[{"href":"https:\/\/www.fussball-tus-05-daun.de\/web\/wp-json\/wp\/v2\/types\/page"}],"author":[{"embeddable":true,"href":"https:\/\/www.fussball-tus-05-daun.de\/web\/wp-json\/wp\/v2\/users\/7"}],"replies":[{"embeddable":true,"href":"https:\/\/www.fussball-tus-05-daun.de\/web\/wp-json\/wp\/v2\/comments?post=33"}],"version-history":[{"count":3,"href":"https:\/\/www.fussball-tus-05-daun.de\/web\/wp-json\/wp\/v2\/pages\/33\/revisions"}],"predecessor-version":[{"id":850,"href":"https:\/\/www.fussball-tus-05-daun.de\/web\/wp-json\/wp\/v2\/pages\/33\/revisions\/850"}],"up":[{"embeddable":true,"href":"https:\/\/www.fussball-tus-05-daun.de\/web\/wp-json\/wp\/v2\/pages\/17"}],"wp:attachment":[{"href":"https:\/\/www.fussball-tus-05-daun.de\/web\/wp-json\/wp\/v2\/media?parent=33"}],"curies":[{"name":"wp","href":"https:\/\/api.w.org\/{rel}","templated":true}]}}